1541*z**3 - 5*z**2 - 8*z + 7. List the prime factors of d(1).
5, 59, 73
Suppose 25*i = 152419 - 13794. What are the prime factors of i?
5, 1109
Let o(m) = -7*m + 185. Let s be o(26). Suppose -4*p - 441 = -7*p - s*l, l = 2*p - 285. What are the prime factors of p?
2, 3
Suppose 4*k + b - 44 = 0, 9*k - 4*k + 4*b - 44 = 0. Suppose k*h = 4831 + 1409. List the prime factors of h.
2, 5, 13
Let p be (-10)/3 + (-14)/21. Let w = p - -269. Let s = w - 189. What are the prime factors of s?
2, 19
What are the prime factors of 1/((-2)/(54056/(-4)))?
29, 233
Let q(o) = 26*o - 17. Suppose -14 = -9*z + 22. Suppose -z*p = -14*p + 50. What are the prime factors of q(p)?
113
Let v(t) = -t**3 - 93*t**2 + 27*t - 2951. What are the prime factors of v(-98)?
3, 79, 179
Suppose -8 = -2*t + 8. Suppose 10*g - t = -18. List the prime factors of (11 + 1)/((-2 - g) + 2).
2, 3
Let l be -6 + 1494/15 + (-2)/(-5). Suppose -1032 = 90*x - l*x. List the prime factors of x.
2, 3, 43
Let r = 417 - 412. Suppose r*b - 695 = -3*g, 3*g = 5*b + 2*g - 675. What are the prime factors of b?
2, 17
Let z(t) = t**3 - 3*t**2 - 4*t + 4. Let i be z(4). Let c(s) = 2*s**3 - 10*s**2 + 11*s + 22. What are the prime factors of c(i)?
2, 17
Suppose -y = 7*y. Let n(s) = -2*s**2 + s - 8. Let q be n(y). Let h = 49 - q. List the prime factors of h.
3, 19
Let s = -306 + 313. Suppose -10*a = -s*a - 945. What are the prime factors of a?
3, 5, 7
Let m(q) = 2*q - 1. Let x(k) = -163*k + 7. Let t(b) = -4*m(b) - x(b). Suppose 0 = -26*o + 23*o + 3. What are the prime factors of t(o)?
2, 19
Suppose 0 = 2*m - 4*m + 144. Suppose 46*j + 855 = 103*j. List the prime factors of m/j*20/3.
2
Suppose 0 = -30*q + 132*q - 1879554. What are the prime factors of q?
18427
List the prime factors of ((-15)/4)/((-94)/147768).
3, 5, 131
Suppose -46332 = 831*p - 834*p. What are the prime factors of p?
2, 3, 11, 13
Let b be ((-4)/(-4)*-1)/((-3)/2355). Suppose -n - b = 164. What are the prime factors of 2/3 - n/39?
5
Let v be ((-156)/7 - 2)*(0 - -7). Let z = 178 + v. What are the prime factors of z?
2
Let f(b) = 20*b**2 + 6*b + 12. Let s be f(-6). Suppose 2*j = -2*k + s, 4*k = 2*j + 1286 + 76. What are the prime factors of k?
7
Let c = -215 + 223. Suppose 2*i - 9*m + c*m - 884 = 0, 0 = -m. List the prime factors of i.
2, 13, 17
List the prime factors of (-2)/(28/(-98))*(51468/14)/1.
2, 3, 4289
Let j = 31 + -11. Let a = -11 + j. Suppose -a*l + 1277 = 179. List the prime factors of l.
2, 61
Let k = -76 + 76. Let u be -151 + 7 - (-1 + k). Let i = u + 279. What are the prime factors of i?
2, 17
Let l(n) = 2083*n**2 + 110*n - 109. List the prime factors of l(1).
2, 521
Let h be ((-5)/(-3))/(235/120 - 2). Let a = 55 + h. Let v = a - 6. What are the prime factors of v?
3
Suppose -5*m + 5*t - t = 94, -5*m + 2*t - 102 = 0. Let g be 488/9 + 1 + m/18. Let x = g + 12. What are the prime factors of x?
2, 3, 11
Let s(g) = 4*g - 83. Let w(b) = 21*b - 416. Let z(f) = 11*s(f) - 2*w(f). Let c be z(-28). Let r = c - -199. What are the prime factors of r?
2, 31
Let c be (13 - (-2 + 2))/((-7)/(-70)). Let w = c - 55. What are the prime factors of w?
3, 5
Let u(w) = 3*w**2 + 1439 - 22*w - 719 - 712 + 3*w**3. List the prime factors of u(5).
2, 3, 29
Let o(c) = -c**3 + 81*c**2 - 244*c + 100. List the prime factors of o(77).
2, 3, 419
Let m(x) = 680*x + 3323. List the prime factors of m(5).
3, 83
Let z be 413*(1 + 3 + -2). Suppose 4*n + 0*n - 1120 = 2*r, 3*n - 5*r - z = 0. Suppose 0 = 4*s + 2*s - n. What are the prime factors of s?
47
Let a be (-6 - 1 - -35)*39/2. Suppose -2*y - w = -a, -10*w = -6*w. List the prime factors of y.
3, 7, 13
Let f(m) = 54*m**2 - m**3 + 19 - 27*m**2 - m - 37*m**2. What are the prime factors of f(-11)?
151
What are the prime factors of (-80)/10*133702/(-28) + (-6)/(-14)?
38201
Let n(i) = 4*i - 11. Suppose -5*s - y = -66, -11 = -3*s - 4*y + 15. Let p be n(s). Suppose t = -5*z + p, 0 = -t - t - z + 135. List the prime factors of t.
2, 5, 7
Let t be 439/(-4)*(46 + -178). Suppose 27*z = -6*z + t. List the prime factors of z.
439
Let m be -36*(-39)/(-26)*13/(-3). Suppose 4*o = -r + m + 38, r = o + 257. What are the prime factors of r?
2, 5, 13
Let p(j) = -4*j + 47. Let z be p(9). Suppose -z*w = -9*w - 2444. List the prime factors of w.
2, 13, 47
Let s(k) be the second derivative of 29*k**3/3 + 46*k**2 + k + 36. What are the prime factors of s(11)?
2, 5, 73
Let i(t) = t**2 + 11*t + 14. Let h be i(-10). Suppose -h*b - 20 = -32. List the prime factors of 3 - 3*(-4)/b.
7
Let v(l) = l**2 + 2*l - 11. Let r be v(4). Suppose 4*o - 4 = -b + r, -2*b = 5*o - 19. List the prime factors of 3 + -1*(-350)/o.
73
Suppose 9*c - c - 24 = 0. Suppose j = -2*s + c*j + 478, s + 3*j - 247 = 0. List the prime factors of s.
241
Let t be (2/3)/((-1)/(-3)). Suppose 0 = -44*c + 43*c + 4*a + 35, 2*c - 46 = 5*a. Suppose -o - 2*o + t*g + 623 = 0, -o = -c*g - 210. List the prime factors of o.
3, 23
Suppose 2*s + 5 = -2*m - 3, -5*m = -5*s + 20. Suppose 3*i - 1 - 11 = s, 3*b = -i - 32. Let u = b - -126. What are the prime factors of u?
2, 3, 19
Let u(c) = -7*c - 15. Let f(n) = 37*n + 76. Let b(r) = -2*f(r) - 11*u(r). Let m be b(-3). What are the prime factors of 2 - m - 6*(-330)/9?
2, 109
Let i(h) = -h**3 + 17*h**2 - 39*h + 15. Let k be i(16). Let g = 1782 + k. List the prime factors of g.
1429
Suppose 2*m - 4 = m. Let x be (1 - -45)/(2/m). Let v = x + 17. What are the prime factors of v?
109
Suppose u - 5*j = 371, -12*u + 9*u + 1089 = -3*j. Let q(k) = 6*k - 8. Let v be q(-7). List the prime factors of u/5 - (-10)/v.
2, 3
Let b = -1079 - -1554. Let d = b - 297. What are the prime factors of d?
2, 89
Let j be ((-33)/55)/(-1 + (-14)/(-20)). List the prime factors of 782*(4 + (-7)/j).
17, 23
Suppose -17*p - 5196 = -127919. List the prime factors of p.
7219
Suppose -3982827 = -183*h - 595131. What are the prime factors of h?
2, 13, 89
Let d be ((-14)/1)/(34/(-2159)). Suppose 557 = 6*k - d. List the prime factors of k.
241
Suppose -6*a + 5*n = -7*a + 41475, 165922 = 4*a - 2*n. List the prime factors of a.
2, 5, 17, 61
Let i be (-14)/21 - (-121)/(-3). Let n = i - -44. Suppose -n*k = -106 - 116. List the prime factors of k.
2, 37
Let h(o) = -4*o**2 + 308*o - 154. List the prime factors of h(45).
2, 2803
Suppose 3*x - 9064 = n, -5*x + 19*n - 15*n = -15095. List the prime factors of x.
3023
Suppose 16*n + 3*v + 22864 = 20*n, -2*n + 2*v = -11434. Suppose 4181 + n = 17*u. List the prime factors of u.
2, 3, 97
Let o = -201 + -1346. Let m = 2257 + o. What are the prime factors of m?
2, 5, 71
Let i(o) = -525*o**2 - 7*o - 2 + 1078*o**2 - 541*o**2. List the prime factors of i(4).
2, 3
Let u = 591 - -20650. What are the prime factors of u?
11, 1931
Let q(n) = -6 + 21*n + 2 - 9*n + 5*n**2 - 11*n + n**3. Let c be q(-5). What are the prime factors of (420/c)/5*(1 - 4)?
2, 7
Let i(h) = -52*h**2 + 8 - h**3 - 5*h - 57*h**2 + 116*h**2. Let a be i(6). Suppose -a*j - 525 = -19*j. List the prime factors of j.
3, 5, 7
What are the prime factors of (30 - -3)*(28 + -34 + (-995)/(-3))?
11, 977
Let v = -61 + 96. Suppose -37*t + v*t + 194 = 0. What are the prime factors of t?
97
Let u be -4*(-5*3/(-10) + -3). What are the prime factors of 9/u*(12 - -1070)?
3, 541
List the prime factors of (-380)/(-475)*(-84205)/(-2).
2, 11, 1531
List the prime factors of 7/(-6) - (-18493)/6.
3, 13, 79
Let u be (0 - 1077)*(4 + -1)/(-9). Suppose 0 = 6*o - 5*o - 360. Suppose 5*m - 4*q - u = 96, o = 4*m - 4*q. List the prime factors of m.
5, 19
Suppose -4*j + 10*v = 12*v - 128404, 0 = -5*j + 4*v + 160531. List the prime factors of j.
3, 29, 41
Let f(h) = -3*h**2 + 76*h + 29. Let p be f(20). Let j = p - 221. List the prime factors of j.
2
Suppose 0*s + 4*u = -4*s - 72, 2*u = -2. Let y(d) = -37*d - 101. List the prime factors of y(s).
2, 3, 11
Suppose 24 = -g + 7*g. What are the prime factors of (531/3)/(g + -3)?
3, 59
Suppose -d - 679 = 2*i, 4*i + 0*i - 5*d + 1351 = 0. Let l = 696 - i. List the prime factors of l.
3, 5, 23
Let w = 45967 + -21573. List the prime factors of w.
2, 12197
Let d(u) = -u**3 + 22*u**2 + 32*u - 3. Suppose 0*y - 12 = -6*y. Suppose -6 = 2*f - 5*w - 62, 44 = y*f + w. List the prime factors of d(f).
2, 3, 17
Let n be (480/(-75))/(1/5). Let c = n - -65. Suppose 0 = t - 59 - c. List the prime factors of t